 + d. Calculate the remainder when l is divided by 9.
7
Let s(o) = o**3 - 4*o**2 - 3*o - 3. Let y be s(5). Suppose -1 = 3*k - y. Calculate the remainder when k is divided by 1.
0
Let m be (1 - 14)/(6/12). Let z = m + -1. Calculate the remainder when 15 is divided by (z/6)/(3/(-6)).
6
Suppose 7*w - 176 = 3*w. Suppose -5*g + w = -76. What is the remainder when 46 is divided by g?
22
Suppose -5*w = x + 27, -1 - 5 = 2*w + 2*x. Let j = w - -10. Let z(d) = -d**3 + 4*d**2 + 6*d - 5. What is the remainder when z(j) is divided by 7?
5
Suppose 3 = r + 2. Let v(n) = -n**3 - n**2 + 4*n. What is the remainder when v(-3) is divided by 7/1 - (5 - r)?
0
What is the remainder when 55 is divided by (6/(-9))/(7/(-126))?
7
Let g = -3 + 11. Let u = 21 - g. Calculate the remainder when u is divided by 7.
6
Suppose 0 = 3*i + 15, -i - 93 = 3*j - 7*j. Calculate the remainder when j is divided by 13.
9
Let w(v) = 40*v**2 - v + 1. Let i be w(1). Suppose -5*d - i = -10*d. What is the remainder when 15 is divided by d?
7
Let c = 4 - -10. Calculate the remainder when (-56 + 1)/((-1)/1) is divided by c.
13
Suppose 2*n = g + 117, -5*n + 6*g + 292 = 4*g. What is the remainder when n is divided by 30?
28
Let p = 103 - 58. What is the remainder when 175 is divided by p?
40
Let k(p) = 8*p - 1 - 2*p - 6. Suppose -31 = -2*w + y, -4*w + y = -0*w - 61. What is the remainder when k(6) is divided by w?
14
Let g(p) be the third derivative of p**6/60 - p**5/30 - p**4/12 + p**3/3 - 4*p**2. Calculate the remainder when 10 is divided by g(2).
4
Suppose -3*r + 65 = 4*i, -3*i - r + 0*r = -50. Suppose -9 = 5*x - 2*x. What is the remainder when -2*1 + 36 + x is divided by i?
14
Suppose 5*z - 47 = 28. What is the remainder when z is divided by 9?
6
Let o = -1 - -43. Let u = -29 + o. What is the remainder when 25 is divided by u?
12
Suppose 0 = w + 3*w - 20. Suppose 0 = -2*y + 13 - w. Suppose 0 = -5*v - 3 + 13. What is the remainder when y is divided by v?
0
Suppose 4*k = 5*k - 12. Suppose 0 = -2*c - g + 20, 2*c + 0*c + 5*g - k = 0. Calculate the remainder when 32 is divided by c.
10
Let t(h) = h. Let z be t(-6). Let i(w) = -4*w + 10. What is the remainder when 99 is divided by i(z)?
31
Let z(m) = m**3 + 7*m**2 + 4*m - 8. Let w = -10 + 4. Let h be z(w). Suppose -h*c + 44 = -64. What is the remainder when c is divided by 14?
13
Let b = 17 + 11. What is the remainder when b is divided by 3 - 36/14*84/(-18)?
13
Calculate the remainder when 49 + -1 + (6 - 6) is divided by 17.
14
Suppose 12*i = 8*i - 28. Let g = 9 - i. Calculate the remainder when 62 is divided by g.
14
Suppose 5 = -4*s + 17. Suppose -28 = -4*t + s*t. Suppose -30 = 3*v - 6*v. What is the remainder when t is divided by v?
8
Suppose 8 = -a + u, -4*a - 22 = -u + 1. Let j be -1*(8 - (-5 - (-2)/1)). Let l = a - j. Calculate the remainder when 17 is divided by l.
5
Let x(u) = u**3 - 6*u**2 + 3. Let z be x(6). Let t(v) = 2*v**z + 5*v + 0 - 3*v**3 + 6*v + 10*v**2 + 5. Calculate the remainder when 12 is divided by t(11).
2
Suppose -3 = -f, -4*f = -2*s - 3*f + 7. Let c(r) = -11*r + 2*r + 1 - 4*r. What is the remainder when c(-1) is divided by s?
4
Let i = -14 + 27. Suppose -t - 4*t - 205 = 0. Let j = t + 92. What is the remainder when j is divided by i?
12
Suppose 36 = c - 4*b, -4*b = 2*c - 0*c - 72. Let z = c + 29. What is the remainder when z is divided by 17?
14
Let t(k) = -51*k**3 - k - 1. Calculate the remainder when t(-1) is divided by 3*(-90)/(-21) - (-1)/7.
12
Let m = 2 - -19. Suppose 0 = 5*h - 5, 6*a - 2*a = -h + m. What is the remainder when 9 is divided by a?
4
Let i(u) = -u**2 + 10*u - 1. Let a be i(6). Let o be 2 - a*-1*-1. What is the remainder when 12 is divided by (3 + -1)*o/(-6)?
5
Let f be 1/2 + 28/8. Suppose -f = 4*n + 4. What is the remainder when 723/27 + n/(-9) is divided by 7?
6
Suppose 2*g + 8 = 3*x, -4*x = 5*g - 0*x + 43. Let i = 7 + g. Suppose w + 5*d + 3 - 4 = i, 4*w - 19 = -5*d. What is the remainder when w is divided by 2?
0
Suppose -p = 3*m - 75, -5*m - p - p = -126. Let g(i) = i**3 + 2*i**2 - 2*i + 3. Let u be g(-3). Let x = u - -13. What is the remainder when m is divided by x?
11
Let m(i) = 2*i**2 - 6*i - 12. Calculate the remainder when 69 is divided by m(6).
21
Let j be (-39)/2 + 2/(-4). Let f be (-50)/j*(-2)/(-5). Calculate the remainder when 51 is divided by (-1)/f - (-9 - 5).
12
Let u(z) = 2*z + 39. What is the remainder when 6 is divided by u(-17)?
1
Suppose 5*v = 5*p + 305, 4*p = 3*v - 40 - 147. Calculate the remainder when v is divided by 15.
12
Let p(f) = f**3 - 6*f**2 + 6*f - 2. What is the remainder when (1/6)/(1/(-3))*-14 is divided by p(5)?
1
Let h = 32 + 0. Let l = h - 22. Calculate the remainder when 29 is divided by l.
9
Let d be 478/14 - 4/28. Suppose -4*a + 7 + 13 = c, 0 = -2*c - 2*a + 10. Let l = d + c. Calculate the remainder when l is divided by 12.
10
Let d be (2/(-4))/((-3)/(-18)). Let p(t) = 2*t**2 + t - 4. Suppose 21 = 5*h - 4*h. Calculate the remainder when h is divided by p(d).
10
Suppose -12*v + 121 = -167. Calculate the remainder when 69 is divided by v.
21
Let a(d) = -7*d - 3. Let s be a(-3). Suppose -129 = -3*q + s. What is the remainder when q is divided by 13?
10
Let k be ((-21)/14)/(6/(-8)). Suppose 0 = s + 5*j - 6, -3*s = j + k - 48. Let r = -65 + 112. Calculate the remainder when r is divided by s.
15
Suppose r - 6*r + 140 = 0. Calculate the remainder when r is divided by 6.
4
Suppose -2*o - 2*o + 5*u = -21, 0 = o + 5*u + 1. Suppose 5*z = 3*c - 11, -c - z - 2*z = -13. Calculate the remainder when c is divided by o.
3
Let y = 23 + -7. Suppose -j - 4*j + 30 = 0. What is the remainder when y is divided by j?
4
Suppose 4*c = 174 - 22. Calculate the remainder when 112 is divided by c.
36
Suppose -3*g - 2*b + 59 = -0*g, 3*g - 5*b = 31. Let d = -11 + g. Let y(c) = -c**3 + 8*c**2 - 9*c + 3. Calculate the remainder when y(d) is divided by 11.
10
Let m(g) be the second derivative of -7*g**3/6 + 5*g**2/2 + 2*g. Let h be m(-4). Let l = h - 19. What is the remainder when 41 is divided by l?
13
Suppose 3*x + 3*l - 5*l = 69, 92 = 4*x + 3*l. Suppose -51 = -3*v - 5*r, 4*r - 10 = -v + 14. What is the remainder when x is divided by v?
11
Suppose -4*l - 3*t - 2*t = -226, -173 = -3*l - 2*t. What is the remainder when l is divided by 3*(-2)/4*-10?
14
Let l be (1/(-2))/(3/(-150)). Let v = 57 - l. Let x = 29 + v. Calculate the remainder when x is divided by 21.
19
Suppose y + 103 = -0*y. Let i = -51 - y. Calculate the remainder when i is divided by 18.
16
Let i = 8 - -50. Suppose -3*n + i - 7 = 0. Suppose -2*q + 22 = 4. What is the remainder when n is divided by q?
8
Let t(f) = -f**3 - 6*f**2 - 8*f - 4. Suppose 0 = 5*p - 10*p + 75. Calculate the remainder when t(-6) is divided by p.
14
Suppose 0 + 6 = -2*g. Let d = g + 3. Suppose d = -2*u + 48 + 20. What is the remainder when u is divided by 18?
16
Let f(k) = 4*k**3 + 2*k**2 - 2*k + 1. Suppose -38 = 20*l - 22*l. What is the remainder when f(2) is divided by l?
18
What is the remainder when (-652)/(-7) + (-9)/63 is divided by 19?
17
Let h(c) = -c**3 - 11*c**2 + 3*c + 12. Let i be h(-11). Let u = -11 - i. Let l = -5 + 34. Calculate the remainder when l is divided by u.
9
Let l = -17 - -11. Calculate the remainder when l/4*38/(-3) is divided by 7.
5
Let k(s) = s**3 - 6*s**2 - 6*s + 9. Let c = -6 + 12. Let u be k(c). Calculate the remainder when 2 - u - (-4)/2 is divided by 16.
15
Let g be 8/3*12/8. Suppose -x + 3*s + 13 = 0, -x = g*s - 29 + 9. Calculate the remainder when 63 is divided by x.
15
What is the remainder when 15*((-4)/(-2))/2 is divided by 9?
6
Let q = -23 - -40. Calculate the remainder when q is divided by 10.
7
Let w = -39 - -57. Let g(s) = -s + 17. What is the remainder when w is divided by g(10)?
4
Suppose -2*y + 0 + 30 = 0. Suppose 0 = 2*b - f + 4 - 25, 5*f - 21 = -4*b. Calculate the remainder when y is divided by b.
6
Calculate the remainder when 39 is divided by (-66)/55*35/(-2).
18
Suppose 5*s = -7*y + 2*y + 40, 2*y - 5*s = 37. Calculate the remainder when 20 is divided by y.
9
Suppose 4*w = 3*s + 24, 3*s = w - s - 6. Suppose -w*n = -4*n - 42. Suppose 0 = -d + o + o - 3, 5*d - o - n = 0. Calculate the remainder when 8 is divided by d.
3
Suppose -14 = -2*b - 2*z - 2*z, 0 = -b - 5*z + 10. What is the remainder when 50/6 - (-2)/(-